440
-5b8e5d (base 16) to base 4
-112320321131
What is 10882 (base 16) in base 9?
112787
What is -825638 (base 12) in base 8?
-7623514
Convert 220303332 (base 4) to base 10.
167166
What is -1456560 (base 7) in base 2?
-110000101000111011
What is 10001011100100000 (base 2) in base 14?
1c080
What is -20320413 (base 5) in base 6?
-3325023
Convert 12202220000 (base 3) to base 14.
2d5b5
What is 1a18657 (base 13) in base 14?
11d7506
4728a (base 12) to base 2
10111010011001010
Convert 2024021 (base 5) to base 15.
9bab
273730 (base 13) to base 9
1707537
Convert 2437770 (base 9) to base 3.
2111021212100
What is 2120012122 (base 3) in base 6?
1025325
31170731 (base 8) to base 7
110142132
1143211441 (base 5) to base 13
73b7c6
-10000001100010011 (base 2) to base 14
-1a255
-13c2a6c (base 14) to base 12
-32762a0
Convert 11010111100001100000101 (base 2) to base 9.
14253554
-3078034 (base 9) to base 14
-30bc77
What is 24044401 (base 8) in base 7?
62502565
-32039 (base 12) to base 3
-10100010200
234332110 (base 6) to base 13
bb6a6a
Convert 144547 (base 10) to base 11.
99667
What is 2566c0 (base 13) in base 7?
10435105
What is -20111020010201 (base 3) in base 4?
-31022002213
330065 (base 9) to base 5
22300024
631320 (base 7) to base 3
12111220100
-100010011111110110110110 (base 2) to base 7
-136603355
5424b (base 15) to base 7
2161565
What is 200351401 (base 6) in base 12?
1175561
What is 10112441004 (base 5) in base 16?
9cdf32
What is -b43d (base 15) in base 3?
-1221020111
What is -12a7606 (base 11) in base 16?
-22558a
What is 33a8a (base 14) in base 13?
451c8
Convert 134524420 (base 6) to base 13.
753072
What is -633461 (base 9) in base 10?
-376543
What is -664477 (base 9) in base 3?
-202011112121
Convert -28cb4 (base 13) to base 4.
-102301021
10202211010211 (base 3) to base 14
3a251a
Convert -6314 (base 14) to base 7.
-100524
What is 2618226 (base 12) in base 11?
4262815
What is -1234332 (base 6) in base 13?
-246c8
Convert 122003123 (base 4) to base 7.
623060
Convert -d974 (base 15) to base 14.
-12aa5
-afc888 (base 16) to base 7
-166630255
-101332211231 (base 4) to base 11
-2729896
-226bc (base 16) to base 10
-140988
Convert 210011102 (base 3) to base 7.
62660
-18602304 (base 9) to base 2
-100011110100100110100000
Convert -48880 (base 9) to base 3.
-1122222200
What is -bdb3 (base 14) in base 6?
-412133
Convert 91b3a0 (base 12) to base 2.
1000101100100101101000
Convert 76360 (base 13) to base 5.
23314234
Convert -c5ab (base 14) to base 11.
-23653
What is -1426055 (base 13) in base 3?
-110000020221112
38448a (base 11) to base 13
182bba
Convert -408a32 (base 12) to base 7.
-11406305
13343330 (base 5) to base 9
228350
Convert 2114546 (base 7) to base 14.
694cd
Convert 3837 (base 9) to base 5.
42434
Convert 30010032231 (base 4) to base 16.
3043ad
What is 64ac06 (base 15) in base 8?
22225506
3a331 (base 12) to base 11
55089
-203003320 (base 5) to base 4
-3022102221
Convert 1721537 (base 8) to base 4.
1322031133
401821 (base 10) to base 4
1202012131
What is -3202230140 (base 5) in base 9?
-13511262
What is 4464 (base 7) in base 15?
729
Convert -2036577 (base 10) to base 5.
-1010132302
Convert 13120401010 (base 5) to base 13.
347883c
-1893597 (base 15) to base 9
-36661857
What is 11297a (base 16) in base 15?
1733c0
-12022000012 (base 3) to base 7
-612641
Convert -333413411 (base 5) to base 16.
-16616b
What is 101000011010001000 (base 2) in base 5?
20244022
-43a199 (base 12) to base 10
-1075077
4120031013 (base 5) to base 8
37712647
3053491 (base 10) to base 9
5663537
Convert 177c23 (base 16) to base 15.
206072
-234333 (base 12) to base 5
-121123010
-23658 (base 9) to base 15
-4a68
Convert 1330030455 (base 6) to base 9.
33025518
110110111110101010 (base 2) to base 15
46ace
-23313024 (base 5) to base 3
-101211212221
Convert 928367 (base 11) to base 9.
2720581
-557416 (base 8) to base 16
-2df0e
What is -7ad4 (base 15) in base 10?
-26074
Convert 10221021101022 (base 3) to base 13.
583151
Convert -121112112121 (base 3) to base 12.
-138474
-12121101000111 (base 3) to base 12
-bb8264
2dc14 (base 14) to base 11
79341
-1000111101011010 (base 2) to base 6
-441522
-14525355 (base 7) to base 6
-45403250
Convert 31332420 (base 5) to base 11.
169608
Convert 1bb53 (base 13) to base 12.
27767
Convert 1a53523 (base 11) to base 7.
41260112
-61447 (base 12) to base 4
-132330313
3286732 (base 10) to base 11
1945409
Convert 864a6 (base 11) to base 2.
11110101100010010
Convert -8ca41 (base 13) to base 7.
-2116043
What is -11481277 (base 10) in base 5?
-10414400102
What is 182048 (base 12) in base 16?
661b8
What is 11110001101100101101100 (base 2) in base 3?
112220101011121
What is -24897c (base 13) in base 15?
-124870
Convert 8b764 (base 15) to base 4.
1230112102
235226 (base 7) to base 8
123232
What is 241cb (base 15) in base 3?
12211222102
-82b8 (base 12) to base 14
-52a0
-103121112113 (base 4) to base 6
-300551355
What is 1a03d6 (base 14) in base 12?
386008
What is -145171 (base 10) in base 5?
-14121141
Convert -115232 (base 9) to base 3.
-10112021002
What is -655145 (base 7) in base 2?
-11011111111010100
Convert -22120000022200 (base 3) to base 4.
-101112012333
Convert 2144400 (base 5) to base 2.
1001001001100011
What is -2335023 (base 6) in base 14?
-32475
4433303 (base 6) to base 7
1614216
Convert 1ca857 (base 13) to base 3.
1101110112211
What is -10553410 (base 6) in base 8?
-1174716
Convert -2034100 (base 7) to base 14.
-64c70
Convert -313111222 (base 5) to base 2.
-100111101100101001100
What is 2a2cb1 (base 16) in base 2?
1010100010110010110001
-747313 (base 10) to base 5
-142403223
What is 23400105 (base 6) in base 9?
1333645
Convert 10001010101001111 (base 2) to base 13.
2640b
8496a6 (base 11) to base 13
387c16
What is 31f2d9 (base 16) in base 4?
30133023121
-1095325 (base 12) to base 2
-1100001000110010001101
-53224305 (base 6) to base 10
-1558769
3421a9 (base 14) to base 9
3302045
What is 318142 (base 14) in base 15?
231064
What is -13305361 (base 9) in base 6?
-352322514
-1b1c72 (base 15) to base 14
-265d16
What is -1211101011101 (base 3) in base 11?
-604203
Convert 1041202 (base 6) to base 8.
145642
26013225 (base 7) to base 6
122301503
Convert -1100011000011001 (base 2) to base 10.
-50713
6a2889a (base 11) to base 12
4142bab
What is -10122303212 (base 4) in base 5?
-244031444
What is 12121220 (base 3) in base 7?
14646
-13012132 (base 7) to base 4
-10200000001
-1322311122 (base 4) to base 6
-14441150
Convert 157267 (base 8) to base 2.
1101111010110111
-112002201002 (base 3) to base 14
-731dd
What is 1111000101101101110001 (base 2) in base 14?
74d769
6c0c29 (base 14) to base 12
129b731
1010101011011101000001 (base 2) to base 4
22223131001
Convert 4573325 (base 8) to base 4.
10233123111
-1001012101220 (base 3) to base 14
-1063d5
Convert -351de1 (base 16) to base 5.
-1342343212
What is -10011010100100001101 (base 2) in base 14?
-126a17
What is 36370 (base 10) in base 13?
13729
What is -41613065 (base 8) in base 6?
-513430153
Convert 1d9cb5 (base 14) to base 6.
34451543
-22011122211 (base 3) to base 6
-3240421
a8277 (base 11) to base 14
414da
What is -120001210110 (base 3) in base 12?
-123749
What is -311233131 (base 4) in base 9?
-364853
-292a3 (base 13) to base 6
-1354102
Convert 470208 (base 9) to base 6.
10014525
Convert -52ad7 (base 15) to base 12.
-107987
-23110223122 (base 4) to base 3
-12120210201101
What is -103103531 (base 6) in base 10?
-1828207
1645004 (base 8) to base 16
74a04
743004 (base 9) to base 6
13245134
Convert 10011110010011001111 (base 2) to base 6.
21521503
Convert -14141043 (base 6) to base 5.
-110323023
246500643 (base 7) to base 16
ee404c
-229868 (base 13) to base 10
-820919
dfdde (base 16) to base 12
382792
356076 (base 8) to base 14
32606
30440042 (base 6) to base 7
10306202
-106368 (base 11) to base 10
-169474
What is -322343 (base 5) in base 16?
-2add
Convert 213422000 (base 5) to base 4.
3200222322
What is -15092411 (base 10) in base 16?
-e64abb
-116192 (base 10) to base 15
-24662
Convert -5697b7 (base 12) to base 13.
-3966b8
What is -4040304002 (base 5) in base 3?
-120022021221202
140340122 (base 5) to base 16
ae91d
What is -111100000001001000110 (base 2) in base 12?
-7aa146
1335573 (base 11) to base 6
121231453
What is 14b780 (base 15) in 